2.
40
Suppose 3 = 102*k - 101*k, 2*k = 4*g - 42. Let h = 10 + 13. What is the remainder when h is divided by g?
11
Let x(g) = 8*g - 11. Let m(n) = n**3 + 3*n**2 - 3*n - 3. Let w be m(-3). Let f = -1 - -14. Calculate the remainder when x(w) is divided by f.
11
Let z be (-2)/3 + 34/6. Suppose -2*s + 3*j + 20 = 2, z*s - 67 = 2*j. Suppose 5 = -2*o + s. Calculate the remainder when o is divided by 4.
1
Suppose -4*g - 5*d + 147 = 0, 65*g - 69*g = 4*d - 152. Suppose -29 = -3*f + 28. Calculate the remainder when g is divided by f.
5
Suppose -34*h + 2980 = -14*h. Calculate the remainder when h is divided by 17.
13
Suppose 0 = 5*s - 2*g + 19, 3*g = -3*s + g - 21. Let w(z) = -z**3 - 4*z**2 + 3*z + 2. What is the remainder when w(s) is divided by 7?
5
Let r(v) = 7*v + 5. Let k be r(-4). Let z = 57 + k. Let o = -14 + z. What is the remainder when 77 is divided by o?
17
Suppose z - 467 = -2*n, -2*n + 8 = -2. Calculate the remainder when z is divided by 66.
61
Let r be (5 - 2) + 4 + -3. Suppose 4*c - 4 = 2*c, -4*z = -r*c - 96. Calculate the remainder when 51 is divided by z.
25
Suppose -4*a + d = -82, 3*a - 6*d - 69 = -9*d. Calculate the remainder when 145 is divided by a.
19
Suppose 5*b + 819 = 12*b. What is the remainder when b is divided by 2 - (2 + (-2 - 28))?
27
Let z = -29 + 44. Let j(o) = 15*o + 12. Calculate the remainder when j(11) is divided by z.
12
Let k = 1493 - 1439. What is the remainder when 125 is divided by k?
17
Let q = -24 + 34. Let m = 6 + -6. Suppose m = -2*h + 8 + q. Calculate the remainder when 33 is divided by h.
6
Let j = 20 + 49. Suppose 5*o - p - 55 = 67, 0 = -o + 3*p + 30. What is the remainder when j is divided by o?
21
Let i(c) = c**3 - 9*c**2 - 3. Let x be i(9). Let f = x + -4. Let s = 22 + f. Calculate the remainder when 42 is divided by s.
12
Suppose 3812 - 5452 = -10*i. Calculate the remainder when i is divided by 7.
3
Suppose 7*r - 7 + 0 = 0. What is the remainder when ((-8)/3)/(r/(-12)) is divided by 9?
5
Suppose 49*m - 1521 = 10*m. What is the remainder when m is divided by 13?
0
Suppose 231*x - 234*x + 363 = 0. What is the remainder when x is divided by 25?
21
Let v(y) = -y**2 + 23*y + 72. Let f be v(24). Calculate the remainder when (-5)/40*-10*f is divided by 32.
28
Suppose -4*l + 215 = 5*q, -l + 9 + 33 = q. What is the remainder when q is divided by 10?
7
Let i be -3*4/(-12) - 9. Let o be 14/i - 5/20. What is the remainder when 2*19*(-1)/o is divided by 11?
8
Let f = 26 + -6. Let o = -70 - -40. Let b = o - -69. Calculate the remainder when b is divided by f.
19
Suppose 4*a - 3*i = 62, -3*a - 2*a + 4*i + 78 = 0. Let o = a + -12. Suppose 2*y - 80 = -o*y. Calculate the remainder when y is divided by 11.
9
Suppose 0 = 10*z + 4*z - 29862. Calculate the remainder when z is divided by 24.
21
Suppose 12*m - 2864 = 7516. What is the remainder when m is divided by 11?
7
What is the remainder when 106 is divided by 270/35*(3 - 20/(-12))?
34
Let x be -1 - (1 + 2) - -19. Suppose -x*r + 13*r = -76. Suppose -3*d + r = 4*b, 0*d - 40 = -4*b - 4*d. Calculate the remainder when 13 is divided by b.
5
Suppose 2*u - 64 = 108. Calculate the remainder when u is divided by 217/(-20)*-2 - (16290/(-300) + 54).
20
Let l be 9/21 - (-230)/(-14). Let x = l + 15. Calculate the remainder when 31 is divided by 48*-4*x/12.
15
Let g(j) = -j**2 + 7*j + 1. Suppose 9 = -2*t + 33. What is the remainder when t is divided by g(6)?
5
Let i = -10 - -55. Calculate the remainder when 134 is divided by i/(-1 + (-10)/(-5)).
44
Suppose -3*k - t + 138 = 0, 0*k - 2*k - 3*t = -85. Calculate the remainder when k is divided by 29.
18
Let x(i) = -i**2 - 8*i + 4. Let f(j) = 4*j**2 + 36*j + 13. What is the remainder when f(-10) is divided by x(-7)?
9
Suppose -4*h - 1 = -153. Calculate the remainder when 374 is divided by h.
32
Let h be 2 + -5 - (-27)/9. Let p be h + (24/4 - 3). Suppose 0 = 4*k - 5*k - p*u + 46, 0 = -3*k + 3*u + 90. Calculate the remainder when k is divided by 7.
6
Suppose 152 = -7*m - m. Calculate the remainder when m*(-8 + 9)*1*-1 is divided by 6.
1
Let g = -87 - -106. Suppose -4*l + 54 + 243 = -z, l + 5*z = 69. Calculate the remainder when l is divided by g.
17
Suppose 5*d - 68 = 4*d + 3*f, 0 = d - f - 58. Calculate the remainder when d is divided by 13.
1
Let o(d) = -d - 75. Let u(l) = -1. Let f(z) = -o(z) + 6*u(z). Let i be (0/(6/3))/1. What is the remainder when f(i) is divided by 18?
15
Suppose 2304 = 8*l + 24*l. Calculate the remainder when 188 is divided by l.
44
Suppose -p - 2*p + 5*h = 57, 0 = -3*p + 2*h - 66. Let x = p - -42. What is the remainder when x is divided by 11?
7
Let y(m) = -12*m + 11. Let p be (0 - 6)*8/12. Calculate the remainder when y(p) is divided by 15.
14
Suppose 11*n = 6*n + 20. Calculate the remainder when (24/(-36))/(n/(-138)) is divided by 6.
5
Suppose 3*w = -w + 560. Suppose -5*h = -w + 30. Let i(x) = x**3 + 3*x**2 - 3*x - 4. Calculate the remainder when i(3) is divided by h.
19
Suppose 2*y - 14 + 8 = 0, 3*p = y + 3. Suppose 4*m - 10 = p*m. What is the remainder when 8 is divided by m?
3
Suppose 3*x + 18 = -5*w, 4 = -x + 2*w - 2. Let z(g) = g**2 + 3*g - 8. Let o be z(x). What is the remainder when 4*o/12*3 is divided by 4?
2
Let t(o) = -10*o - 25. What is the remainder when 474 is divided by t(-5)?
24
Suppose -4*u - 75 - 77 = -4*j, 2*u = -4*j + 128. Calculate the remainder when 2/4 + (-382)/(-4) is divided by j.
28
Let q be (72/14)/(4 - 410/105). Suppose 19*o = 18*o + q. Calculate the remainder when o is divided by (-4)/(-14) - 96/(-7).
12
Suppose -x = 2 - 20. Suppose 0 = 6*m - x - 78. Calculate the remainder when 126 is divided by m.
14
Let d(x) = x**3 + 19*x**2 + 2*x - 2. Let l be d(-19). Let g = 74 + -22. Calculate the remainder when g is divided by (-1107)/(-63) + (-1 - l/28).
16
Suppose -3*i + i = -100. Suppose 4 = 4*y, -4*c + 8*y - 4*y = -40. Calculate the remainder when i is divided by c.
6
Let v(k) = 2*k**2 + 5*k + 7. Let n be (2 - 0) + 70/(-10). Calculate the remainder when v(n) is divided by 12.
8
Let b(i) be the second derivative of 0 + 2*i + 1/2*i**3 + 0*i**4 + i**2 - 1/2*i**5. What is the remainder when b(-1) is divided by 6?
3
Suppose -9 = -i - 2. Suppose -10 = -z + i. Calculate the remainder when z is divided by (19 + 4/(-4))*(-4)/(-8).
8
Let r(y) = -24*y + 4. Let i be r(-4). Suppose -7*u + i = -509. Calculate the remainder when u is divided by 13.
9
Let i = -26 + 44. Suppose -3*a - 47 = -5*u, -5*u = -a - 37 - 12. Calculate the remainder when i is divided by u.
8
Suppose -3*h + 3 = -33. Let i = -80 - -280. Suppose 5*q - i = 85. Calculate the remainder when q is divided by h.
9
Let s = -1288 - -1319. What is the remainder when 92 is divided by s?
30
Suppose q + 9 = 3*y, -q + 10*y - 13 = 6*y. Suppose 3*w - 4*j = 127, -95 = -q*w - 5*j + j. What is the remainder when w is divided by 20?
17
Let u(g) = -g**2 + g + 22. Let x be u(0). Let o = x + 83. What is the remainder when o is divided by 27?
24
Let r(v) = v + 23. What is the remainder when r(0) is divided by (-7)/(-2) - (-126)/84?
3
Let c be 0 + 2 + 4 + -2. Suppose -c*j + 5 = 2*m - 21, 4*j - 5*m - 19 = 0. What is the remainder when 113 is divided by j?
5
Suppose 3*p = 9*p - 348. Suppose 5*b = a + p, 2*a + a - 6 = 0. Calculate the remainder when 22 is divided by b.
10
Let z(h) = 15*h**2 - 6*h - 3. What is the remainder when 105 is divided by z(1)?
3
Let r(i) = 7*i + 42. Let f be r(-6). What is the remainder when 64 is divided by 0 + -5 - (f - 27)?
20
Let x = -621 - -852. Calculate the remainder when x is divided by 29.
28
Calculate the remainder when (9 + -16 - 195)/(-2) is divided by 93.
8
Let a = 8 + -2. Let v = 26 - -56. What is the remainder when v is divided by 3*a - (0 + -3)?
19
Let t(g) = g**2 + 9*g - 14. Let p = -31 + 14. Let h = 30 + p. What is the remainder when t(-13) is divided by h?
12
What is the remainder when -6*(-12 - (-90)/27) is divided by 27?
25
Suppose 0 = -y - 3, 4*j + 25*y - 2263 = 26*y. What is the remainder when j is divided by 81?
79
Let p = 143 - 117. Calculate the remainder when 6*(-3)/(-27) + 619/3 is divided by p.
25
Suppose 1267 = 6*v - 557. Calculate the remainder when v is divided by 28.
24
Suppose 5*g = -t + 71, 5*t + 5*g - g = 313. What is the remainder when 241 is divided by t?
58
Let x(f) = f**2 + 45*f - 225. Calculate t